ighest common divisor of 3 and z?
3
Suppose -2*c = 2*q - 538, 2*c + 174 = -q + 437. Suppose 3*n - n + 2*t = 56, 5*t = -2*n + 65. What is the highest common factor of n and q?
25
Let a be 12/3*(11 - 5). Let f be (-85)/(-17) - (-1)/1. Calculate the highest common factor of f and a.
6
Let w(a) = -2*a - 2. Suppose -5*y = -7 + 37. Let q be w(y). Calculate the greatest common factor of q and 5.
5
Let x(j) = -j**3 + 24*j**2 + 145*j + 16. Let b be x(29). Calculate the highest common divisor of 320 and b.
16
Suppose 2*c - 1100 = 7*c. Let j be (c/(-8))/(-5)*(-31 - 3). What is the greatest common factor of 11 and j?
11
Let u be ((-9)/(-6))/((-9)/(-24)). Suppose u*r + 22 + 141 = 3*j, -59 = -j - r. What is the greatest common divisor of 38 and j?
19
Suppose 90 + 138 = -b. Let g be -2 - b - -2 - 0. Let q be (-2)/(-33) - 61348/(-1617). Calculate the highest common divisor of g and q.
38
Let r(w) = 5*w**2 + 23*w + 248. Let u be r(-27). What is the greatest common divisor of u and 8?
8
Let g = -85 - -181. Calculate the highest common factor of 36 and g.
12
Suppose -3*d + 18 = -d. Let v(t) = -8*t**3 - 15*t**2 - 5*t - 5. Let p be v(-2). Calculate the highest common factor of d and p.
9
Let f(p) = 3 - 1 + p + 10 - 3*p. Let n be f(3). Calculate the greatest common factor of n and 36.
6
Suppose 0 = 6*t - 70 - 116. Calculate the greatest common factor of 124 and t.
31
Let h = 332 + -242. What is the highest common divisor of h and 160?
10
Let r = 173 + -172. What is the highest common factor of r and 1?
1
Let q = -1059 - -1083. What is the highest common factor of q and 588?
12
Suppose 5*l = d - 0*d + 1, -l + 23 = -4*d. Let y be 154/((d + 2)/(-2)). Calculate the greatest common divisor of 22 and y.
11
Let n be 21/(-35) + (-266)/(-10). Let m = n - 18. What is the highest common factor of m and 24?
8
Let k(w) = 25*w - 173. Let r be k(21). What is the highest common factor of r and 11?
11
Let w(l) = -l**3 + 3*l**2 + 2*l - 1. Let q be w(2). Let m(v) = v**3 - 6*v**2 - 3*v - 16. Let f be m(q). What is the highest common factor of f and 96?
12
Let k be 24/((-249)/(-60) + -4). Let g = k + -92. Suppose i - 11 = 3*s, 5*i - 6*i + 4*s + 9 = 0. Calculate the highest common divisor of g and i.
17
Let x = -75 - -125. Let h = x - 22. Calculate the highest common factor of h and 112.
28
Suppose 0*h - 3*h + 4*l - 234 = 0, 0 = -3*l. Let s = 79 + h. Calculate the greatest common factor of 8 and s.
1
Let t = -48 - -104. Let l = 121 - t. Let h = l - 37. Calculate the highest common divisor of h and 7.
7
Let k(u) be the second derivative of -u**5/20 + u**4 + 3*u**2 - 2*u. Let z = 67 + -55. Let t be k(z). Calculate the greatest common factor of 18 and t.
6
Suppose -7*t - 8 = -22. Suppose l - t*l + 14 = 0. Calculate the highest common divisor of l and 28.
14
Let n be (0 + -37)*-1 + -1. Let q(b) = 2*b**3 + 65*b**2 - 111*b - 54. Let l be q(-34). Calculate the greatest common factor of n and l.
36
Let p = -24 - -30. Calculate the highest common divisor of p and 66.
6
Let d(h) = -7*h - 12. Let m be ((-2)/(-5))/((-9)/270). Let i be d(m). Let v(l) = l**2 - 1. Let b be v(3). What is the highest common factor of b and i?
8
Suppose -3*r + 25 = -0*z - 2*z, -3*r - 4*z - 5 = 0. Suppose 0*v + v = 2*i + 168, -r*i = 4*v - 620. What is the highest common divisor of 20 and v?
20
Suppose -3*m - s = -74, -3*m - m + 103 = -3*s. Let t(q) = -q**2 + 27*q - 28. Let k be t(m). Calculate the greatest common divisor of k and 132.
22
Let v be 26 - (-8)/1*(-11)/(-44). What is the highest common factor of 448 and v?
28
Let s be (-1)/(-8)*-10*-20. Let r = s - 23. Let l(d) = -8*d**3 + d + 1. Let n be l(-1). What is the highest common divisor of n and r?
2
Suppose -a + 0*a + 2 = 2*w, 0 = a - 3*w - 17. Let j(t) = -t**3. Let l be (-1)/(6/(-2)*(-1)/3). Let r be j(l). What is the highest common divisor of a and r?
1
Suppose -99 = -3*s + 3*t, 5*s - 2*t = -3*t + 183. Let m(a) = 6*a - 96. Let c be m(19). What is the highest common divisor of c and s?
18
Let p be 3498/88 - 1/(-8)*2. What is the highest common divisor of p and 35?
5
Suppose -2*v = 3*v - 15. Suppose 9*z = v*z + 324. Suppose 2*i - 16 = 38. Calculate the greatest common divisor of z and i.
27
Suppose -2*q = 2*s - 12, -8*s = 4*q - 3*s - 28. Let v = q - -1. Let i(a) = 11*a**2 + a + 2. Let y be i(-1). What is the highest common factor of v and y?
3
Let u be (69/9 + -7)/((-1)/(-6)). Suppose x - 6 = -18. Let m = -8 - x. Calculate the highest common factor of u and m.
4
Suppose -95*t + 3081 = -16*t. What is the highest common factor of 15 and t?
3
Let q = -25 + 15. Let s = 10 - q. Suppose -s - 52 = -3*v. Calculate the greatest common divisor of v and 120.
24
Suppose 3*o + 4*p - 12 = -14, 5*p = -2*o - 13. What is the highest common divisor of 366 and o?
6
Let y be -54*((-8)/14)/((-6)/7). Let i be 108/14 + y/(-126). What is the highest common divisor of 16 and i?
8
Suppose a = -4*y + 2, 6*y - 6 = 2*y - 3*a. Suppose g + y = 11. What is the highest common divisor of g and 308?
11
Let o = 824 - 810. Calculate the greatest common divisor of 133 and o.
7
Let y(k) = 7*k**2 + 16*k + 8. Let s be y(-4). What is the greatest common divisor of s and 8?
8
Let k be ((-56)/12)/(-4 + (-515)/(-129)). Calculate the greatest common factor of 14 and k.
14
Let j = -169 + 592. Calculate the highest common divisor of 9 and j.
9
Suppose w - p - 19 = -3*w, 14 = 5*w + 2*p. Suppose -w*i = -10*i + 180. Suppose v + v - 24 = 0. What is the greatest common factor of i and v?
6
Suppose 0 = 5*l - 10*l + 15. Suppose -l*s - 4*y = 7 - 39, 0 = 4*s - 5*y + 9. Calculate the greatest common factor of 6 and s.
2
Suppose -3*h + 7*h = 20. Suppose -h*i + 148 = -7*i. Let s be 2/(-8)*(i - 2). Calculate the greatest common divisor of s and 95.
19
Suppose 13*z - 29*z + 2112 = 0. What is the greatest common factor of 176 and z?
44
Let q = -615 + 667. What is the highest common factor of 325 and q?
13
Let z be 15/((33/(-2))/(-11)). Let y(s) = 3*s**2 + 2*s - 4. Let i be y(-3). Let b = i + -7. What is the highest common factor of b and z?
10
Let v be (-1)/(-6) + (-6655)/(-66). What is the highest common factor of 1313 and v?
101
Let a = -795 + 849. What is the highest common factor of a and 558?
18
Suppose -2*z - 170 + 190 = 0. Suppose 0*n - 29 = 4*p - 5*n, 3*p = -4*n + 17. Let o be ((-16)/z)/(p/85). What is the greatest common divisor of 17 and o?
17
Suppose 4*r - 13 = 19. Suppose -2*i = u + r, 8*u - 33 = 4*u + 5*i. Calculate the highest common factor of u and 6.
2
Let j = 505 + -306. Let f be (2/5)/((-2)/(-10)). Suppose 5*r + 25 = -f*z + j, -2*z = 6. What is the greatest common factor of r and 12?
12
Let o = -362 - -400. Let v be (6/(-15))/(1/(-95)). What is the highest common divisor of o and v?
38
Suppose 29*m - 1518 = 7*m. Calculate the greatest common divisor of 115 and m.
23
Let a(v) = -4*v**3 + 2*v**2 - 12*v - 29. Let n be a(-7). Calculate the highest common divisor of n and 25.
25
Suppose -40*g - 348 = -69*g. What is the highest common divisor of g and 3204?
12
Let p(b) = b**2 - 45*b - 408. Let c be p(54). What is the greatest common factor of c and 52?
26
Let i(v) = 6*v**2 - 5*v + 5. Suppose 28 = 5*y + 2*d, -y - d = 4*d - 24. Let q be i(y). What is the greatest common factor of 27 and q?
27
Let u = 30 - 16. Let t = -11 + 16. Suppose -2*y + 5*y = -t*k - 5, 5*y = -5*k - 15. Calculate the highest common factor of u and k.
2
Let g be 1304/489*(81/(-12))/(-3). Let r be (1 - 3)*-2*3. Calculate the greatest common divisor of g and r.
6
Let j(l) be the third derivative of 3*l**5/10 - 5*l**4/24 - l**3 + 3*l**2 - 7*l. Let u be j(-1). What is the greatest common factor of u and 1?
1
Let v = 139 - -336. Let i = v - 73. Let p = i - 257. Calculate the highest common divisor of p and 58.
29
Suppose 38 - 46 = -v. Let r(o) = 6*o - 41. Let p be r(v). Calculate the highest common factor of p and 14.
7
Let n(d) = d**2 - 1. Let m(y) = -5*y**2 + 10*y. Let u(r) = -m(r) - 4*n(r). Let x be u(-9). Calculate the greatest common divisor of x and 35.
35
Suppose 0 = x + 5, 0 = -k - x + 15 + 68. Let i(s) = 3*s**3 - 8*s**2 + 8*s + 5. Let l be i(5). What is the greatest common divisor of l and k?
44
Let p(w) = w**3 + 30. Let u be p(0). Suppose -4*c - u = -10*c. Calculate the greatest common factor of 5 and c.
5
Suppose v - 3*t + 35 = -58, -2*v